
30
Suppose 0 = 2*w + 2*p - 38, -3*w + 0*p + 55 = p. Calculate the remainder when 52 is divided by w.
16
Let v = -613 - -863. Calculate the remainder when v is divided by 20.
10
Let h(z) = z**2 - z - 2. Let f be h(-2). Suppose -f*d + 8 = -0*d. Let l(t) = 3*t + 2. Calculate the remainder when 21 is divided by l(d).
5
Suppose 145 = 4*w + 3*q, -4*w + 5*q + 105 = -2*w. What is the remainder when 115 is divided by w?
35
Suppose k = 3*k. Suppose l - 4*l + 486 = k. Suppose 4*x = l - 46. What is the remainder when x is divided by 11?
7
Suppose 3*y + 0*y = -2*g + 263, 3*y = 3*g + 258. Let q = 32 + -25. Suppose 16*a = q*a + 198. Calculate the remainder when y is divided by a.
21
What is the remainder when 434 is divided by 47 - 24 - (2 + -8)?
28
Suppose -3*g = t + g - 61, 4*t = -g + 289. What is the remainder when t is divided by 4?
1
Let j be 10*(-1 - 1 - -4). Suppose -4*x - 5*f + 0*f + 60 = 0, -5*f + j = 0. Let w = x - 0. Calculate the remainder when 28 is divided by w.
8
Let n(a) = -3*a - 4. Let v be n(-3). Suppose 0 = v*p - 4*h + 35 + 21, -4*h = 5*p + 64. Let q = 20 + p. Calculate the remainder when q is divided by 5.
3
Calculate the remainder when (176/4)/(1/4) is divided by 20.
16
Suppose 645 = 3*s - 315. What is the remainder when s is divided by 41?
33
Let j(g) = g**2 - 3*g - 8. Let c = -4 + -3. Let x be j(c). Suppose 4*u + 2*w - 136 = 6*w, -x = -2*u + 4*w. What is the remainder when u is divided by 20?
17
Suppose -4*y + 328 = -2*y - t, -4*t = 2*y - 328. Calculate the remainder when y is divided by 21.
17
Suppose -8*v + 13*v - 275 = 0. Suppose 0 = 2*f - 12 - 0. Suppose k + v = f*k. Calculate the remainder when 32 is divided by k.
10
Suppose -3*q + u + 333 = 0, 2*u = -11*q + 15*q - 444. What is the remainder when q is divided by 34?
9
Let t(a) be the second derivative of a**3/6 + 7*a**2/2 + 2*a. Suppose 15 = 3*u - 0. Calculate the remainder when t(10) is divided by u.
2
Let o(v) = 6*v**2 - 3*v + 19. Calculate the remainder when 89 is divided by o(0).
13
Suppose -g = -4, u + 2*u + 4 = -2*g. Calculate the remainder when 64 is divided by -3 + (3 - 1) - (u - 8).
9
Let l = 127 - -40. Suppose 3*a - 4*d = 84, -9*a - 2*d - 30 = -10*a. What is the remainder when l is divided by a?
23
Calculate the remainder when (1/1)/(8/1360) is divided by 35.
30
Let n(c) = c**3 + 8*c**2 - 4*c - 10. Suppose -85*p + 113*p - 1736 = 0. Calculate the remainder when p is divided by n(-8).
18
Suppose -2*l + 41 = -2*p + 123, -190 = -5*p + 2*l. Calculate the remainder when 142 is divided by p.
34
Let j = -30 - 25. Let k = 78 + j. What is the remainder when k is divided by 8?
7
Let g = 25 + -5. Suppose -8*t + 3*t = -g. Suppose -t*f + 2*o = -o - 104, -2*f + 66 = -5*o. What is the remainder when 45 is divided by f?
22
Let y(z) = -8 - 3 - z - z. What is the remainder when y(-18) is divided by 10?
5
Let y be 112/(-5)*(-8 + 3). Suppose -y - 60 = -4*c. What is the remainder when 83 is divided by c?
40
Let g = -69 - -66. Suppose a + 1 = 30. What is the remainder when a is divided by (48/20 + g)/((-1)/10)?
5
Let v(l) = -l - 7. Suppose -34 = 4*i + 10. What is the remainder when v(i) is divided by 4?
0
Let d = 0 + 0. Suppose -4*t + 10*t - 24 = d. What is the remainder when 33 is divided by t?
1
Suppose 5*i - 3*o = -8*o + 210, i + 2*o - 41 = 0. What is the remainder when 84 is divided by i?
41
Let x = -468 - -490. Calculate the remainder when 190 is divided by x.
14
Let l = 109 - 105. Suppose -c - 35 = -5*d + 17, l*d = -4*c + 56. Let o(y) = -y**3 - 2*y**2 + 3*y. Calculate the remainder when o(-4) is divided by d.
9
Let y = 21 + -12. Suppose 0*d - 4*d + u = -5, 0 = 4*u + 20. Calculate the remainder when y is divided by 1 - d - (7 + -10).
1
Calculate the remainder when 6 + 289 + -3 + (9 - 15) is divided by 9.
7
Let d(y) = y - 12. Let g be d(6). Let c = g + 13. Suppose -3*l + p = -83, 2*p - c = 1. What is the remainder when l is divided by 10?
9
Let d(s) = s**2 - 3*s - 3. Let n = -13 - -15. Suppose -11 - 1 = -n*j. What is the remainder when 44 is divided by d(j)?
14
Suppose 0 = -12*s + 10*s + 12. Calculate the remainder when s/(-15) - 644/(-10) is divided by (-94)/(-4) + (-42)/28.
20
Let y(o) = o**3 + o**2 - 2*o + 126. Let h be y(0). Suppose -r + 144 = r. Let p = h - r. Calculate the remainder when p is divided by 11.
10
Suppose -4*t - 12 = 0, -k - 3*t - 126 = -2*k. Calculate the remainder when k is divided by 40.
37
Suppose 5*z + 49 = 159. Calculate the remainder when -128*((-27)/6 + (-4 - -8)) is divided by z.
20
Suppose 3*d - 3*b + 0*b = 60, -3*d = -2*b - 55. Suppose 2*l - 4*y = -7*y + 6, 3*l - 19 = -2*y. Let x = l + 49. Calculate the remainder when x is divided by d.
13
Suppose g = -g + 98. Suppose x - g = 32. Calculate the remainder when x is divided by 14.
11
Suppose -r = 3*r - 104. Suppose k + 0*k = r. Let a = 284 - 210. Calculate the remainder when a is divided by k.
22
Let q(f) = -4*f + 14. Let x be q(3). Suppose 0 = -6*t + t - x*w + 122, -2*w + 2 = 0. What is the remainder when 119 is divided by t?
23
Calculate the remainder when 104 is divided by ((-595)/(-14))/(-5)*-6.
2
Let q = -95 - -112. Let h = 2 - -8. What is the remainder when q is divided by h?
7
Calculate the remainder when 13 is divided by 1/((-24)/30 - (2 - 3)).
3
Let n = 619 - 582. What is the remainder when 71 is divided by n?
34
Let f(s) = s**3 - 2*s**2 + 2*s - 1. Suppose -38*x - 44 = -43*x - 2*c, 5*x + c - 42 = 0. What is the remainder when f(3) is divided by x?
6
What is the remainder when 47 is divided by (-230)/(-8) - 17/(-68)?
18
What is the remainder when 0 + (16/12)/((-7)/(-1155)) is divided by 60?
40
Let c(d) = -d**3 - 8*d**2 - 27*d - 121. Calculate the remainder when 218 is divided by c(-7).
9
Let b = 246 - 189. What is the remainder when 340 is divided by b?
55
Let n(v) = -v**3 - 2*v**2 - v + 55. Let l be (-1)/(-5 - (2 - 6)) - 1. What is the remainder when n(l) is divided by 15?
10
Let u = -1998 + 2147. Let v(r) = 4*r**3 + r**2 + r. Calculate the remainder when u is divided by v(2).
35
Suppose -b - 4 + 1 = 0. Let d be -6*b/(-6)*-13. Suppose -d = 6*w - 141. Calculate the remainder when 65 is divided by w.
14
Suppose -j - 5*w = -5, -5*j - 6*w = -4*w - 25. Suppose 39 = k - j. Let n = -20 + k. Calculate the remainder when n is divided by 14.
10
Calculate the remainder when 433 is divided by 10 + 1568/(-154) - 1234/(-11).
97
Let p = -387 - -564. Suppose -7*k + 2*k = -j - p, 0 = -k - 3*j + 29. Calculate the remainder when 101 is divided by k.
31
Let j(d) = 41*d + 10. Let f(h) = -h**2 + 7*h - 2. Let v be f(6). What is the remainder when j(v) is divided by 35?
34
Suppose 11*y = 12*y - 4. Suppose -4 = 2*j + 5*m + 9, -y*j - 3*m = -9. Suppose j*t - 160 = t. Calculate the remainder when t is divided by 11.
10
What is the remainder when 28 - (9 + -11)*(-3)/(-2) is divided by 8?
7
Suppose -c = -m - 0*c + 12, -15 = -3*c. Suppose -4*x = -4*a + 52, -x - 37 = -3*a - 2. What is the remainder when m is divided by a?
6
Suppose -2 = z - 7. Suppose 20 = z*t - 0*t. Suppose t*m - 210 = -m. Calculate the remainder when m is divided by 15.
12
Let u(z) = 13*z - 36. What is the remainder when 375 is divided by u(6)?
39
Let y = 9 - 22. Let l = y + 51. Let c = -21 + l. Calculate the remainder when 32 is divided by c.
15
What is the remainder when 1/(-5 + (-2076)/(-414)) is divided by 40?
29
Suppose -2*f + 5*f - 3 = 0. Calculate the remainder when 106 is divided by (-53)/(-2) + f/2.
25
Let b = 69 - 56. Calculate the remainder when b is divided by 8.
5
Suppose -5*c + 2*z = -4*c - 149, -2*c + 318 = z. Calculate the remainder when c is divided by 36.
13
Let x = -814 + 887. Calculate the remainder when x is divided by 43.
30
Let l(b) = -b**2 - 13*b + 159. Suppose 2*a + 3*p = 3, 3*p - 15 = -0*p. What is the remainder when 208/6 - (-4)/a is divided by l(7)?
15
Suppose d + 6 + 11 = 0. Let k = d + 28. Let c = 36 + -17. Calculate the remainder when c is divided by k.
8
Suppose -3*u = 3*u + 576. Let x = u - -135. Suppose -2*k = k - x. What is the remainder when k is divided by 7?
6
Suppose 0 = 20*o - 26*o + 204. Let a = o - 11. What is the remainder when 66 is divided by a?
20
Let z = -19 - -10. Let r be 9/(z/(-2)) + 2. Suppose -r*t = -21 - 31. What is the remainder when 36 is divided by t?
10
Let q(f) = -5*f + 11. Let c be q(-5). Calculate the 